ulate the greatest common divisor of y and 13.
13
Let z = -2 + -19. Let i = z + 23. Calculate the greatest common factor of i and 22.
2
Suppose -26*p - 6080 = -36*p. What is the greatest common divisor of 19 and p?
19
Let m(i) = -i + 28. Let g be m(0). Let a = -25 + g. What is the greatest common factor of 21 and a?
3
Let j be (16/6)/(12/(-1170)*-5). What is the greatest common factor of j and 52?
52
Let c = -210 - -248. What is the highest common factor of c and 76?
38
Let g be (-4)/(-6 + 2) - (-20)/5. What is the highest common divisor of g and 355?
5
Suppose 6*c - 2*x + 394 = 2*c, 4*x = 20. Let y = 173 + c. Calculate the greatest common divisor of y and 11.
11
Suppose -v + 4 = 2*v - 2*k, 3*k + 13 = v. Let j be v/12 - 62/(-12). Let g = -13 + 18. What is the greatest common factor of j and g?
5
Let n be 54/(15/(-12) + 2). Let m = -11 - -16. Suppose 3*s - 2 = -g, 2 = -g - 0*s - m*s. Calculate the greatest common factor of g and n.
8
Suppose 2*v - 216 = -4*t, -3*v + 162 = -2*t + 5*t. Let z be 35 + -2 + (1 - -2). What is the highest common divisor of t and z?
18
Suppose -30 = 2*m - 272. Suppose 0 = -w + 4*q + q + 19, q = -5*w + m. Suppose 939 + 1437 = 11*u. What is the highest common factor of u and w?
24
Let l = -2983 - -2992. What is the highest common divisor of 60 and l?
3
Let b be ((-5)/(-3) - 1)*22287/34. Calculate the highest common divisor of 57 and b.
19
Let y(q) be the second derivative of 3*q**5/10 - q**2/2 - 6*q. Let k be y(1). What is the highest common factor of 15 and k?
5
Let n = 43 - 35. Suppose -2*k + 0*g = 3*g - 68, -4*g = 2*k - 72. Calculate the greatest common factor of n and k.
4
Suppose 3*m + 24 = 4*s - 4, -3*s + 2*m + 21 = 0. What is the greatest common divisor of s and 91?
7
Let o be 19/(-76) - 2/((-8)/2917). What is the greatest common factor of 3 and o?
3
Suppose -32*y + 9 = -23*y. What is the greatest common divisor of 30 and y?
1
Suppose 0 = -3*a + 3*m + 108, 5*a + 7*m - 212 = 4*m. What is the greatest common divisor of 20 and a?
20
Suppose 0 = 8*j - 94 + 14. Suppose -2*z = -4*x - 2, x = z + 5*x - 7. Suppose -z*f = 2*f - 350. Calculate the highest common factor of j and f.
10
Let u(o) = 6*o**2 + 5*o - 12. Let i be u(-6). Suppose 4*n - q - 147 = -0*q, 5*n + 2*q - i = 0. What is the highest common divisor of 9 and n?
9
Let s = 543 - 459. What is the highest common divisor of s and 21?
21
Let d(x) = 2*x**2 + 86*x - 70. Let r be d(-44). What is the greatest common divisor of 774 and r?
18
Let k = -1447 - -2909. What is the highest common divisor of 258 and k?
86
Let y(o) = -3*o - 1. Let z be y(1). Let k be (z/16)/(1/(-20)). What is the greatest common factor of k and 35?
5
Let o(q) = q**3 + 7*q**2 + 9*q. Let b be o(-6). Let u = b - -38. What is the greatest common factor of 60 and u?
20
Suppose 0*j + 4*j + 5*p = 27, 3*j = 2*p + 3. Suppose -z - j = -a, 0 = 2*z + 5*a - 2 - 27. Let h be z*46/4 - 2. What is the greatest common divisor of 189 and h?
21
Suppose -o - 5*n = 2, -2*o + 4*n + 8 = -16. Suppose o*i - 259 = -91. What is the highest common divisor of i and 42?
21
Let x = -34 - -19. Let q be (x/6)/5 - (-1799)/14. Calculate the greatest common factor of q and 32.
32
Let l = 43 + -13. Let k = l + 2. Let d = -9 + 13. What is the greatest common divisor of k and d?
4
Let b(f) = -223*f - 1105. Let z be b(-5). What is the greatest common factor of 410 and z?
10
Suppose 3*w + 2*w = 300. Let m(i) = i + 29. Let y be m(-17). What is the greatest common factor of w and y?
12
Let u be (-6)/(-4 + 9/3). Suppose -52 = 2*g - u*g. What is the highest common factor of 26 and g?
13
Let f = 226 + 522. Calculate the greatest common divisor of 44 and f.
44
Let s(q) = 6*q - 176. Let p be s(33). Calculate the greatest common factor of 374 and p.
22
Let h = 11 - -61. Let b(q) = -2*q**3 - 2*q**2 + 3*q + 6. Let p be b(-2). Let a be (3 + -18)*p/(-10). Calculate the highest common divisor of h and a.
12
Let a be 5117/63 + (-4 - 272/(-72)). Let s = 45 - 18. What is the greatest common divisor of s and a?
27
Suppose 0 = -0*t + 2*t - 58. Let a = 48 - t. Suppose 3*h + a = 5*q + 2*h, 2*q - 2*h - 6 = 0. Calculate the highest common divisor of 12 and q.
4
Let w(p) = 2*p**2 + 8*p + 5. Let f be w(-8). What is the greatest common factor of 23 and f?
23
Let z(c) = -c**2 + 19*c + 6. Let j be z(18). Let y be j/(-16)*(-110)/3. Calculate the highest common factor of 5 and y.
5
Let k be (-2)/5 + 848/20. Calculate the highest common factor of k and 210.
42
Let i be (-1488)/(-42) - 84/(-147). What is the greatest common divisor of 192 and i?
12
Let p(s) = 8*s**2 - s + 3. Let o be p(3). Let n = 10742 - 10694. What is the highest common divisor of o and n?
24
Let u be (-4)/(-46) + (-10248)/(-644). Calculate the greatest common divisor of u and 3.
1
Let i be (-12996)/(-63) - (-2)/(-7). Suppose -2*j = -4*f + 390, -5*j - 83 - i = -3*f. Suppose b + 0*b = 14. What is the greatest common factor of b and f?
14
Let y = -40 - -171. Let u = 338 - y. Calculate the highest common factor of u and 23.
23
Let m = -86 - -83. Let y be ((4 + -50)/(-2) - m) + -4. What is the greatest common factor of y and 11?
11
Let b(v) = -v**2 + 10*v + 3. Suppose 20 = u + 3*u. Suppose -2*f + 27 = u*l - 0*f, 4 = -f. Let j be b(l). What is the greatest common factor of j and 96?
24
Let d = -68 - -64. Let c be (1185/12 - 3) + d/(-16). Calculate the greatest common factor of 12 and c.
12
Let q = -485 - -498. Let w be 40 - -2*(-1)/2. Calculate the highest common divisor of w and q.
13
Suppose -5*t - 20 = 0, 5*h = -5*t + 186 + 34. Calculate the highest common divisor of h and 408.
24
Let v(o) = o**3 + 5*o**2 - 4*o - 3. Let h be v(-4). Suppose 4*g = -z + 118, 41 = 5*g + 2*z - 108. Calculate the greatest common factor of g and h.
29
Let g be 4/(-30)*-3 + 9810/225. Calculate the greatest common factor of g and 572.
44
Let p = 16 - -5. Suppose -5*m = -w + 15, w + 3*m - 6*m = p. Let y be (-20)/w + 266/3. What is the greatest common factor of 8 and y?
8
Suppose 121 = 5*j + 4*z, -2*z - 43 = -3*j + 3*z. Let d(w) = 10*w**3 - 5*w**2 + w + 3. Let l be d(3). Calculate the highest common divisor of j and l.
21
Let g(n) = -40*n + 802. Let k be g(19). What is the highest common factor of k and 192?
6
Suppose 23*t - 26*t - 276 = 0. Let k = 147 + t. Calculate the highest common divisor of k and 11.
11
Suppose 4*s - 25 = 3*g, -2*s + 3*s - 3*g = 13. Suppose 2*k = 2*i - 20, s*i - k - 41 = 2*k. Calculate the greatest common divisor of 44 and i.
11
Let k = 24 + -8. Let q = -9 + k. Suppose 0 = q*f - 8*f + 2. Calculate the greatest common divisor of 22 and f.
2
Let j be (-3924)/45 - (14/5 + -2). Let m = -76 - j. Calculate the highest common divisor of m and 36.
12
Suppose 2*s - 140 = 4*w, -3*s + 210 = -3*w - 2*w. Suppose -5*z + 14 = -4*z. Calculate the greatest common factor of z and s.
14
Suppose -v + f + 109 = 0, 0*v - 4*v + 442 = -f. Calculate the greatest common factor of 2109 and v.
111
Let u be 155/10*(1 - -3). Suppose -d + 2*r - 12 = -u, -4*r + 8 = 0. Calculate the greatest common divisor of 27 and d.
27
Let x = 0 - -21. Suppose 12*u - 26 = 10*u. Suppose -2*a + 442 = u*l - 8*l, -5*l = -5*a + 1175. What is the highest common factor of x and a?
21
Let a(b) = b**3 + 18*b**2 - 11*b - 36. Let p be a(-18). What is the greatest common divisor of 9 and p?
9
Let v(p) = 387*p - 18491. Let b be v(48). Let j(s) = s**3 + 3*s**2 - 3*s - 4. Let g be j(-3). Calculate the highest common divisor of g and b.
5
Suppose -3*m = 6218 - 6317. Calculate the greatest common factor of 4521 and m.
33
Let l(q) = 9*q**2 - 46*q - 9. Let y(h) = -2*h**2 + 9*h + 2. Let s(d) = -2*l(d) - 11*y(d). Let w be s(4). What is the highest common factor of w and 4?
4
Suppose 16*q - 16685 = -55*q. Calculate the greatest common factor of 5 and q.
5
Let u = -444 + 504. Calculate the highest common divisor of 96 and u.
12
Suppose 3*t - 6 = -18, 3*t + 8 = -x. Suppose -39 = -x*p - 7. Let r(q) = -2*q**3 + q**2 - 2*q. Let c be r(-2). What is the greatest common divisor of c and p?
8
Let u be 4 - 20/4 - -10. Let g(o) = -o - 11*o**2 + u*o**2 + 3*o**2. Let q be g(-3). What is the highest common divisor of q and 4?
4
Suppose 2*n - 2*i - 4 = 0, 5*n = -0*n - i + 22. Let d = 15 + n. Calculate the greatest common divisor of d and 95.
19
Suppose 4*w + 146 = 514. Suppose -2*h = 8